{"id":250560,"date":"2022-10-22T11:07:49","date_gmt":"2022-10-22T11:07:49","guid":{"rendered":"https:\/\/www.gestiriego.com\/mentions-legales\/"},"modified":"2024-04-12T05:53:09","modified_gmt":"2024-04-12T05:53:09","slug":"mentions-legales","status":"publish","type":"page","link":"https:\/\/www.gestiriego.com\/fr\/mentions-legales\/","title":{"rendered":"Mentions l\u00e9gales"},"content":{"rendered":"<p>[et_pb_section fb_built=\u00a0\u00bb1&Prime; _builder_version=\u00a0\u00bb4.19.4&Prime; _module_preset=\u00a0\u00bbdefault\u00a0\u00bb custom_padding=\u00a0\u00bb10vh||||false|false\u00a0\u00bb global_colors_info=\u00a0\u00bb{}\u00a0\u00bb][et_pb_row use_custom_gutter=\u00a0\u00bbon\u00a0\u00bb make_equal=\u00a0\u00bbon\u00a0\u00bb _builder_version=\u00a0\u00bb4.18.0&Prime; _module_preset=\u00a0\u00bbdefault\u00a0\u00bb max_width=\u00a0\u00bb1080px\u00a0\u00bb custom_padding=\u00a0\u00bb||100px|||\u00a0\u00bb global_colors_info=\u00a0\u00bb{}\u00a0\u00bb][et_pb_column type=\u00a0\u00bb4_4&Prime; _builder_version=\u00a0\u00bb4.18.0&Prime; _module_preset=\u00a0\u00bbdefault\u00a0\u00bb global_colors_info=\u00a0\u00bb{}\u00a0\u00bb][et_pb_text _builder_version=\u00a0\u00bb4.24.3&Prime; _module_preset=\u00a0\u00bbdefault\u00a0\u00bb text_font_size=\u00a0\u00bb15px\u00a0\u00bb header_font_size=\u00a0\u00bb36px\u00a0\u00bb text_orientation=\u00a0\u00bbjustified\u00a0\u00bb hover_enabled=\u00a0\u00bb0&Prime; global_colors_info=\u00a0\u00bb{}\u00a0\u00bb sticky_enabled=\u00a0\u00bb0&Prime;]<\/p>\n<h1 class=\"h1 title\">Mentions l\u00e9gales<\/h1>\n<div class=\"thecontent\">\n<p class=\"p1\">Veuillez lire toutes les sections des pr\u00e9sentes Mentions l\u00e9gales avant d&rsquo;utiliser ce site web (ci-apr\u00e8s d\u00e9nomm\u00e9 \u00ab\u00b0le Site\u00b0\u00bb). Les conditions suivantes sont contraignantes pour tout utilisateur (ci-apr\u00e8s d\u00e9nomm\u00e9 \u00ab\u00b0l&rsquo;Utilisateur\u00b0\u00bb) du Site. <span class=\"Apple-converted-space\"> <\/span><\/p>\n<p class=\"p1\">Conform\u00e9ment \u00e0 l&rsquo;obligation d&rsquo;information pr\u00e9vue par la loi espagnole 34\/2002 sur les services de la soci\u00e9t\u00e9 de l&rsquo;information et le commerce \u00e9lectronique (LSSI-CE) du 11 juillet, les informations g\u00e9n\u00e9rales suivantes sont fournies sur le Site.<\/p>\n<p class=\"p2\">L&rsquo;objectif de ce texte est d&rsquo;expliquer en d\u00e9tail les fonctionnalit\u00e9s du Site et de fournir \u00e0 l&rsquo;Utilisateur des informations relatives au propri\u00e9taire du Site et \u00e0 la finalit\u00e9 des contenus qui y sont inclus.<\/p>\n<p class=\"p3\"><span class=\"s1\"><b>DONN\u00c9ES D&rsquo;IDENTIFICATION<\/b><\/span><\/p>\n<p class=\"p1\">Les pr\u00e9sentes Mentions l\u00e9gales r\u00e9gissent l&rsquo;utilisation du service du Siteen informant l&rsquo;Utilisateur, conform\u00e9ment \u00e0 la loi espagnole 34\/2002, du 11 juillet sur les services de la soci\u00e9t\u00e9 de l&rsquo;information et le commerce \u00e9lectronique, sur les points suivants\u00b0:<\/p>\n<p class=\"p1\"><b>Raison sociale\u00b0:<\/b>GRUPO GIL RUIZ Y CLEMENTE, S.L.<\/p>\n<p class=\"p1\"><b>Code d&rsquo;identification fiscale espagnol (CIF):<\/b> B73929424<\/p>\n<p class=\"p1\"><b>Si\u00e8ge social\u00b0:<\/b> Paraje Vistabella, s\/n, <span class=\"s2\">30892, Librilla, Murcia<\/span><\/p>\n<p class=\"p1\"><b>E-mail:<\/b> rrhh@gestiriego.com<\/p>\n<p class=\"p2\"><b>Num\u00e9ro de tel\u00e9phone:<\/b> 968659250<\/p>\n<p class=\"p3\"><span class=\"s1\"><b>UTILISATION DU SITE WEB ET OBLIGATIONS DES UTILISATEURS.<span class=\"Apple-converted-space\"> <\/span><\/b><\/span><\/p>\n<p class=\"p1\">L&rsquo;Utilisateur s&rsquo;engage \u00e0 utiliser le Site, son contenu et ses services sans contrevenir \u00e0 la l\u00e9gislation en vigueur, aux usages g\u00e9n\u00e9ralement admis et \u00e0 l&rsquo;ordre public. Il est interdit d&rsquo;utiliser le Site \u00e0 des fins illicites ou pr\u00e9judiciables au GRUPO GIL RUIZ Y CLEMENTE, S.L. ou \u00e0 un tiers, qui, de quelque mani\u00e8re que ce soit, peuvent causer des dommages ou emp\u00eacher l&rsquo;utilisation normale du Site. <\/p>\n<p class=\"p1\">GRUPO GIL RUIZ Y CLEMENTE, S.L. garantit que les contenus et les services offerts par le Site respectent le principe de la dignit\u00e9 personnelle, la protection des jeunes et des enfants et la non-discrimination fond\u00e9e sur la race, le sexe, la religion, l&rsquo;opinion, la nationalit\u00e9, le handicap ou tout autre aspect personnel ou social.<\/p>\n<p class=\"p1\">Les pr\u00e9sentes Conditions g\u00e9n\u00e9rales d&rsquo;utilisation du Site ne conf\u00e8rent \u00e0 l&rsquo;utilisateur aucun autre droit d&rsquo;utilisation, de modification, d&rsquo;exploitation, de reproduction, de distribution ou de communication publique des contenus du Site que ceux express\u00e9ment pr\u00e9vus par les pr\u00e9sentes.<span class=\"Apple-converted-space\"> <\/span><\/p>\n<p class=\"p1\">Les contenus (informations, fichiers sonores et\/ou images, photographies, dessins, etc.) inclus dans le Site sont la propri\u00e9t\u00e9 du GRUPO GIL RUIZ Y CLEMENTE, S.L. ou leur diffusion est d\u00fbment autoris\u00e9e par leurs propri\u00e9taires l\u00e9gitimes.<\/p>\n<p class=\"p1\">Le GRUPO GIL RUIZ Y CLEMENTE, S.L. s&rsquo;engage \u00e0 ne pas faire de publicit\u00e9 mensong\u00e8re et, par cons\u00e9quent, les actions suivantes sont interdites\u00b0:<\/p>\n<ul class=\"ul1\">\n<li class=\"li4\">L&rsquo;utilisation \u00e0 des fins commerciales ou publicitaires autres que celles strictement autoris\u00e9es.<\/li>\n<li class=\"li4\">Reproduction, publication, distribution ou modification, en tout ou en partie, sans l&rsquo;autorisation \u00e9crite pr\u00e9alable des propri\u00e9taires l\u00e9gitimes ou dans les limites autoris\u00e9es par la loi.<\/li>\n<li class=\"li2\">Toute violation des droits du GRUPO GIL RUIZ Y CLEMENTE, S.L. ou de leurs propri\u00e9taires l\u00e9gitimes.<\/li>\n<\/ul>\n<p class=\"p3\"><span class=\"s1\"><b>PROPRI\u00c9T\u00c9 INTELLECTUELLE ET INDUSTRIELLE<\/b><\/span><\/p>\n<p class=\"p1\">L&rsquo;Utilisateur reconna\u00eet et accepte que tous les droits de propri\u00e9t\u00e9 industrielle et intellectuelle sur les contenus et\/ou tout autre \u00e9l\u00e9ment ins\u00e9r\u00e9 dans le Site appartiennent \u00e0 GRUPO GIL RUIZ Y CLEMENTE, S.L. ou que celui-ci est d\u00fbment autoris\u00e9 \u00e0 les diffuser dans le pr\u00e9sent Site.<\/p>\n<p class=\"p1\">Si un Utilisateur ou un tiers consid\u00e8re qu&rsquo;il y a eu violation de ses droits l\u00e9gitimes de propri\u00e9t\u00e9 intellectuelle en raison de l&rsquo;introduction d&rsquo;un certain contenu sur le Site, il doit en informer le GRUPO GIL RUIZ Y CLEMENTE, S.L., en indiquant\u00b0<\/p>\n<ul class=\"ul1\">\n<li class=\"li4\">Les coordonn\u00e9es du d\u00e9tenteur des droits pr\u00e9tendument enfreints, ou indiquer la repr\u00e9sentation sous laquelle il agit dans le cas o\u00f9 la r\u00e9clamation est d\u00e9pos\u00e9e par un tiers autre que la personne concern\u00e9e.<\/li>\n<li class=\"li2\">Les contenus prot\u00e9g\u00e9s par des droits de propri\u00e9t\u00e9 intellectuelle et leur emplacement sur le Site, l&rsquo;accr\u00e9ditation des droits de propri\u00e9t\u00e9 intellectuelle indiqu\u00e9s et une d\u00e9claration expresse par laquelle l&rsquo;int\u00e9ress\u00e9 accepte la responsabilit\u00e9 de la v\u00e9racit\u00e9 des informations fournies dans la notification.<\/li>\n<\/ul>\n<p class=\"p3\"><span class=\"s1\"><b>LIENS<span class=\"Apple-converted-space\"> <\/span><\/b><\/span><\/p>\n<p class=\"p1\">Le pr\u00e9sent Site propose des liens vers d&rsquo;autres sites web et des contenus appartenant \u00e0 des tiers.<span class=\"Apple-converted-space\"> <\/span><\/p>\n<p class=\"p1\">Le seul but des liens est de donner \u00e0 l&rsquo;Utilisateur la possibilit\u00e9 d&rsquo;acc\u00e9der \u00e0 ces liens. GRUPO GIL RUIZ Y CLEMENTE, S.L. n&rsquo;est en aucun cas responsable des r\u00e9sultats que l&rsquo;Utilisateur peut obtenir en acc\u00e9dant \u00e0 ces liens. <\/p>\n<p class=\"p1\">L&rsquo;Utilisateur qui a l&rsquo;intention d&rsquo;\u00e9tablir un lien technique entre son site Web et le Site doit obtenir l&rsquo;autorisation \u00e9crite pr\u00e9alable du GRUPO GIL RUIZ Y CLEMENTE, S.L. L&rsquo;\u00e9tablissement du lien n&rsquo;implique en aucun cas l&rsquo;existence d&rsquo;une relation entre le GRUPO GIL RUIZ Y CLEMENTE, S.L. et le propri\u00e9taire du site web sur lequel le lien est \u00e9tabli, ni l&rsquo;acceptation ou l&rsquo;approbation par le GRUPO GIL RUIZ Y CLEMENTE, S.L. de son contenu ou de ses services.<\/p>\n<p class=\"p2\">Le site web sur lequel le lien est \u00e9tabli ne contiendra aucune marque, nom, logo, slogan ou autre signe distinctif appartenant au GRUPO GIL RUIZ Y CLEMENTE, S.L., \u00e0 l&rsquo;exception de ceux qui sont express\u00e9ment autoris\u00e9s.<\/p>\n<p class=\"p3\"><span class=\"s1\"><b>MODIFICATION UNILAT\u00c9RALE ET DUR\u00c9E<span class=\"Apple-converted-space\"> <\/span><\/b><\/span><\/p>\n<p class=\"p2\">Le GRUPO GIL RUIZ Y CLEMENTE, S.L. se r\u00e9serve le droit de modifier, \u00e0 tout moment et sans pr\u00e9avis, la pr\u00e9sentation et la configuration du Site, ainsi que les pr\u00e9sentes Mentions l\u00e9gales.<\/p>\n<p class=\"p3\"><span class=\"s1\"><b>EXCLUSION DE GARANTIE ET RESPONSABILIT\u00c9<span class=\"Apple-converted-space\"> <\/span><\/b><\/span><\/p>\n<p class=\"p1\">Le GRUPO GIL RUIZ Y CLEMENTE, S.L. n&rsquo;accorde aucune garantie et n&rsquo;est en aucun cas responsable des dommages de toute nature qui pourraient survenir du fait de\u00b0:<\/p>\n<ul class=\"ul1\">\n<li class=\"li4\">Le manque de disponibilit\u00e9, de maintenance et de fonctionnement efficace du Site et\/ou de ses services ou contenus.<\/li>\n<li class=\"li4\">L&rsquo;existence de virus, de programmes malveillants ou nuisibles dans le contenu.<\/li>\n<li class=\"li2\">L&rsquo;utilisation illicite, n\u00e9gligente, frauduleuse, contraire aux pr\u00e9sentes Conditions, \u00e0 la bonne foi, aux usages g\u00e9n\u00e9ralement accept\u00e9s ou \u00e0 l&rsquo;ordre public, du Site, de ses services ou de son contenu, par l&rsquo;Utilisateur.<\/li>\n<\/ul>\n<p class=\"p3\"><span class=\"s1\"><b>TRAITEMENT DES DONN\u00c9ES \u00c0 CARACT\u00c8RE PERSONNEL<span class=\"Apple-converted-space\"> <\/span><\/b><\/span><\/p>\n<p class=\"p2\">Le GRUPO GIL RUIZ Y CLEMENTE, S.L., comme indiqu\u00e9 dans sa <b>Politique de confidentialit\u00e9<\/b> qui peut \u00eatre consult\u00e9e sur ce Site, a adopt\u00e9 les niveaux de s\u00e9curit\u00e9 appropri\u00e9s pour les donn\u00e9es qu&rsquo;il traite et g\u00e8re, en incorporant tous les moyens et mesures techniques en son pouvoir pour garantir leur confidentialit\u00e9, emp\u00eacher leur mauvaise utilisation, leur perte, leur alt\u00e9ration, leur acc\u00e8s non autoris\u00e9 et leur vol.<\/p>\n<p class=\"p3\"><span class=\"s1\"><b>DROIT APPLICABLE ET LITIGES<span class=\"Apple-converted-space\"> <\/span><\/b><\/span><\/p>\n<p class=\"p2\">Pour la r\u00e9solution de tous les litiges ou questions li\u00e9s au pr\u00e9sent Site ou aux activit\u00e9s qui y sont men\u00e9es, la l\u00e9gislation espagnole s&rsquo;applique, \u00e0 laquelle les parties se soumettent express\u00e9ment, et les tribunaux du domicile du demandeur identifi\u00e9 comme consommateur sont comp\u00e9tents pour la r\u00e9solution de tous les litiges d\u00e9coulant de son utilisation ou li\u00e9s \u00e0 celle-ci. Dans le cas contraire, les tribunaux comp\u00e9tents sont ceux de la ville de Murcie (Espagne).<\/p>\n<p class=\"p3\"><span class=\"s1\"><b>CONTACT<span class=\"Apple-converted-space\"> <\/span><\/b><\/span><\/p>\n<p class=\"p1\">Si un Utilisateur a des questions ou des commentaires sur les pr\u00e9sentes Mentions l\u00e9gales, il peut contacter rrhh@gestiriego.com ou envoyer un courrier \u00e0 l&rsquo;adresse indiqu\u00e9e dans l&rsquo;en-t\u00eate.<\/p>\n<\/div>\n<p>[\/et_pb_text][\/et_pb_column][\/et_pb_row][\/et_pb_section]<\/p>\n","protected":false},"excerpt":{"rendered":"<p>Mentions l\u00e9gales Veuillez lire toutes les sections des pr\u00e9sentes Mentions l\u00e9gales avant d&rsquo;utiliser ce site web (ci-apr\u00e8s d\u00e9nomm\u00e9 \u00ab\u00b0le Site\u00b0\u00bb). Les conditions suivantes sont contraignantes pour tout utilisateur (ci-apr\u00e8s d\u00e9nomm\u00e9 \u00ab\u00b0l&rsquo;Utilisateur\u00b0\u00bb) du Site. Conform\u00e9ment \u00e0 l&rsquo;obligation d&rsquo;information pr\u00e9vue par la loi espagnole 34\/2002 sur les services de la soci\u00e9t\u00e9 de l&rsquo;information et le commerce \u00e9lectronique [&hellip;]<\/p>\n","protected":false},"author":1,"featured_media":0,"parent":0,"menu_order":0,"comment_status":"closed","ping_status":"closed","template":"","meta":{"_et_pb_use_builder":"on","_et_pb_old_content":"","_et_gb_content_width":"","footnotes":""},"class_list":["post-250560","page","type-page","status-publish","hentry"],"_links":{"self":[{"href":"https:\/\/www.gestiriego.com\/fr\/wp-json\/wp\/v2\/pages\/250560","targetHints":{"allow":["GET"]}}],"collection":[{"href":"https:\/\/www.gestiriego.com\/fr\/wp-json\/wp\/v2\/pages"}],"about":[{"href":"https:\/\/www.gestiriego.com\/fr\/wp-json\/wp\/v2\/types\/page"}],"author":[{"embeddable":true,"href":"https:\/\/www.gestiriego.com\/fr\/wp-json\/wp\/v2\/users\/1"}],"replies":[{"embeddable":true,"href":"https:\/\/www.gestiriego.com\/fr\/wp-json\/wp\/v2\/comments?post=250560"}],"version-history":[{"count":0,"href":"https:\/\/www.gestiriego.com\/fr\/wp-json\/wp\/v2\/pages\/250560\/revisions"}],"wp:attachment":[{"href":"https:\/\/www.gestiriego.com\/fr\/wp-json\/wp\/v2\/media?parent=250560"}],"curies":[{"name":"wp","href":"https:\/\/api.w.org\/{rel}","templated":true}]}}

Mentions légales

<p>[et_pb_section fb_built= »1&Prime; _builder_version= »4.19.4&Prime; _module_preset= »default » custom_padding= »10vh||||false|false » global_colors_info= »{} »][et_pb_row use_custom_gutter= »on » make_equal= »on » _builder_version= »4.18.0&Prime; _module_preset= »default » max_width= »1080px » custom_padding= »||100px||| » global_colors_info= »{} »][et_pb_column type= »4_4&Prime; _builder_version= »4.18.0&Prime; _module_preset= »default » global_colors_info= »{} »][et_pb_text _builder_version= »4.24.3&Prime; _module_preset= »default » text_font_size= »15px » header_font_size= »36px » text_orientation= »justified » hover_enabled= »0&Prime; global_colors_info= »{} » sticky_enabled= »0&Prime;]</p>
<h1 class="h1 title">Mentions légales</h1>
<div class="thecontent">
<p class="p1">Veuillez lire toutes les sections des présentes Mentions légales avant d&rsquo;utiliser ce site web (ci-après dénommé «°le Site°»). Les conditions suivantes sont contraignantes pour tout utilisateur (ci-après dénommé «°l&rsquo;Utilisateur°») du Site. <span class="Apple-converted-space"> </span></p>
<p class="p1">Conformément à l&rsquo;obligation d&rsquo;information prévue par la loi espagnole 34/2002 sur les services de la société de l&rsquo;information et le commerce électronique (LSSI-CE) du 11 juillet, les informations générales suivantes sont fournies sur le Site.</p>
<p class="p2">L&rsquo;objectif de ce texte est d&rsquo;expliquer en détail les fonctionnalités du Site et de fournir à l&rsquo;Utilisateur des informations relatives au propriétaire du Site et à la finalité des contenus qui y sont inclus.</p>
<p class="p3"><span class="s1"><b>DONNÉES D&rsquo;IDENTIFICATION</b></span></p>
<p class="p1">Les présentes Mentions légales régissent l&rsquo;utilisation du service du Siteen informant l&rsquo;Utilisateur, conformément à la loi espagnole 34/2002, du 11 juillet sur les services de la société de l&rsquo;information et le commerce électronique, sur les points suivants°:</p>
<p class="p1"><b>Raison sociale°:</b>GRUPO GIL RUIZ Y CLEMENTE, S.L.</p>
<p class="p1"><b>Code d&rsquo;identification fiscale espagnol (CIF):</b> B73929424</p>
<p class="p1"><b>Siège social°:</b> Paraje Vistabella, s/n, <span class="s2">30892, Librilla, Murcia</span></p>
<p class="p1"><b>E-mail:</b> rrhh@gestiriego.com</p>
<p class="p2"><b>Numéro de teléphone:</b> 968659250</p>
<p class="p3"><span class="s1"><b>UTILISATION DU SITE WEB ET OBLIGATIONS DES UTILISATEURS.<span class="Apple-converted-space"> </span></b></span></p>
<p class="p1">L&rsquo;Utilisateur s&rsquo;engage à utiliser le Site, son contenu et ses services sans contrevenir à la législation en vigueur, aux usages généralement admis et à l&rsquo;ordre public. Il est interdit d&rsquo;utiliser le Site à des fins illicites ou préjudiciables au GRUPO GIL RUIZ Y CLEMENTE, S.L. ou à un tiers, qui, de quelque manière que ce soit, peuvent causer des dommages ou empêcher l&rsquo;utilisation normale du Site. </p>
<p class="p1">GRUPO GIL RUIZ Y CLEMENTE, S.L. garantit que les contenus et les services offerts par le Site respectent le principe de la dignité personnelle, la protection des jeunes et des enfants et la non-discrimination fondée sur la race, le sexe, la religion, l&rsquo;opinion, la nationalité, le handicap ou tout autre aspect personnel ou social.</p>
<p class="p1">Les présentes Conditions générales d&rsquo;utilisation du Site ne confèrent à l&rsquo;utilisateur aucun autre droit d&rsquo;utilisation, de modification, d&rsquo;exploitation, de reproduction, de distribution ou de communication publique des contenus du Site que ceux expressément prévus par les présentes.<span class="Apple-converted-space"> </span></p>
<p class="p1">Les contenus (informations, fichiers sonores et/ou images, photographies, dessins, etc.) inclus dans le Site sont la propriété du GRUPO GIL RUIZ Y CLEMENTE, S.L. ou leur diffusion est dûment autorisée par leurs propriétaires légitimes.</p>
<p class="p1">Le GRUPO GIL RUIZ Y CLEMENTE, S.L. s&rsquo;engage à ne pas faire de publicité mensongère et, par conséquent, les actions suivantes sont interdites°:</p>
<ul class="ul1">
<li class="li4">L&rsquo;utilisation à des fins commerciales ou publicitaires autres que celles strictement autorisées.</li>
<li class="li4">Reproduction, publication, distribution ou modification, en tout ou en partie, sans l&rsquo;autorisation écrite préalable des propriétaires légitimes ou dans les limites autorisées par la loi.</li>
<li class="li2">Toute violation des droits du GRUPO GIL RUIZ Y CLEMENTE, S.L. ou de leurs propriétaires légitimes.</li>
</ul>
<p class="p3"><span class="s1"><b>PROPRIÉTÉ INTELLECTUELLE ET INDUSTRIELLE</b></span></p>
<p class="p1">L&rsquo;Utilisateur reconnaît et accepte que tous les droits de propriété industrielle et intellectuelle sur les contenus et/ou tout autre élément inséré dans le Site appartiennent à GRUPO GIL RUIZ Y CLEMENTE, S.L. ou que celui-ci est dûment autorisé à les diffuser dans le présent Site.</p>
<p class="p1">Si un Utilisateur ou un tiers considère qu&rsquo;il y a eu violation de ses droits légitimes de propriété intellectuelle en raison de l&rsquo;introduction d&rsquo;un certain contenu sur le Site, il doit en informer le GRUPO GIL RUIZ Y CLEMENTE, S.L., en indiquant°</p>
<ul class="ul1">
<li class="li4">Les coordonnées du détenteur des droits prétendument enfreints, ou indiquer la représentation sous laquelle il agit dans le cas où la réclamation est déposée par un tiers autre que la personne concernée.</li>
<li class="li2">Les contenus protégés par des droits de propriété intellectuelle et leur emplacement sur le Site, l&rsquo;accréditation des droits de propriété intellectuelle indiqués et une déclaration expresse par laquelle l&rsquo;intéressé accepte la responsabilité de la véracité des informations fournies dans la notification.</li>
</ul>
<p class="p3"><span class="s1"><b>LIENS<span class="Apple-converted-space"> </span></b></span></p>
<p class="p1">Le présent Site propose des liens vers d&rsquo;autres sites web et des contenus appartenant à des tiers.<span class="Apple-converted-space"> </span></p>
<p class="p1">Le seul but des liens est de donner à l&rsquo;Utilisateur la possibilité d&rsquo;accéder à ces liens. GRUPO GIL RUIZ Y CLEMENTE, S.L. n&rsquo;est en aucun cas responsable des résultats que l&rsquo;Utilisateur peut obtenir en accédant à ces liens. </p>
<p class="p1">L&rsquo;Utilisateur qui a l&rsquo;intention d&rsquo;établir un lien technique entre son site Web et le Site doit obtenir l&rsquo;autorisation écrite préalable du GRUPO GIL RUIZ Y CLEMENTE, S.L. L&rsquo;établissement du lien n&rsquo;implique en aucun cas l&rsquo;existence d&rsquo;une relation entre le GRUPO GIL RUIZ Y CLEMENTE, S.L. et le propriétaire du site web sur lequel le lien est établi, ni l&rsquo;acceptation ou l&rsquo;approbation par le GRUPO GIL RUIZ Y CLEMENTE, S.L. de son contenu ou de ses services.</p>
<p class="p2">Le site web sur lequel le lien est établi ne contiendra aucune marque, nom, logo, slogan ou autre signe distinctif appartenant au GRUPO GIL RUIZ Y CLEMENTE, S.L., à l&rsquo;exception de ceux qui sont expressément autorisés.</p>
<p class="p3"><span class="s1"><b>MODIFICATION UNILATÉRALE ET DURÉE<span class="Apple-converted-space"> </span></b></span></p>
<p class="p2">Le GRUPO GIL RUIZ Y CLEMENTE, S.L. se réserve le droit de modifier, à tout moment et sans préavis, la présentation et la configuration du Site, ainsi que les présentes Mentions légales.</p>
<p class="p3"><span class="s1"><b>EXCLUSION DE GARANTIE ET RESPONSABILITÉ<span class="Apple-converted-space"> </span></b></span></p>
<p class="p1">Le GRUPO GIL RUIZ Y CLEMENTE, S.L. n&rsquo;accorde aucune garantie et n&rsquo;est en aucun cas responsable des dommages de toute nature qui pourraient survenir du fait de°:</p>
<ul class="ul1">
<li class="li4">Le manque de disponibilité, de maintenance et de fonctionnement efficace du Site et/ou de ses services ou contenus.</li>
<li class="li4">L&rsquo;existence de virus, de programmes malveillants ou nuisibles dans le contenu.</li>
<li class="li2">L&rsquo;utilisation illicite, négligente, frauduleuse, contraire aux présentes Conditions, à la bonne foi, aux usages généralement acceptés ou à l&rsquo;ordre public, du Site, de ses services ou de son contenu, par l&rsquo;Utilisateur.</li>
</ul>
<p class="p3"><span class="s1"><b>TRAITEMENT DES DONNÉES À CARACTÈRE PERSONNEL<span class="Apple-converted-space"> </span></b></span></p>
<p class="p2">Le GRUPO GIL RUIZ Y CLEMENTE, S.L., comme indiqué dans sa <b>Politique de confidentialité</b> qui peut être consultée sur ce Site, a adopté les niveaux de sécurité appropriés pour les données qu&rsquo;il traite et gère, en incorporant tous les moyens et mesures techniques en son pouvoir pour garantir leur confidentialité, empêcher leur mauvaise utilisation, leur perte, leur altération, leur accès non autorisé et leur vol.</p>
<p class="p3"><span class="s1"><b>DROIT APPLICABLE ET LITIGES<span class="Apple-converted-space"> </span></b></span></p>
<p class="p2">Pour la résolution de tous les litiges ou questions liés au présent Site ou aux activités qui y sont menées, la législation espagnole s&rsquo;applique, à laquelle les parties se soumettent expressément, et les tribunaux du domicile du demandeur identifié comme consommateur sont compétents pour la résolution de tous les litiges découlant de son utilisation ou liés à celle-ci. Dans le cas contraire, les tribunaux compétents sont ceux de la ville de Murcie (Espagne).</p>
<p class="p3"><span class="s1"><b>CONTACT<span class="Apple-converted-space"> </span></b></span></p>
<p class="p1">Si un Utilisateur a des questions ou des commentaires sur les présentes Mentions légales, il peut contacter rrhh@gestiriego.com ou envoyer un courrier à l&rsquo;adresse indiquée dans l&rsquo;en-tête.</p>
</div>
<p>[/et_pb_text][/et_pb_column][/et_pb_row][/et_pb_section]</p>

<p>Mentions légales Veuillez lire toutes les sections des présentes Mentions légales avant d&rsquo;utiliser ce site web (ci-après dénommé «°le Site°»). Les conditions suivantes sont contraignantes pour tout utilisateur (ci-après dénommé «°l&rsquo;Utilisateur°») du Site. Conformément à l&rsquo;obligation d&rsquo;information prévue par la loi espagnole 34/2002 sur les services de la société de l&rsquo;information et le commerce électronique [&hellip;]</p>
